 r(l)?
-25
Let n(g) be the first derivative of g**3/3 - 3*g**2 - 2*g + 1. Let f(u) = -2*u**2 + 17*u - 5. Let l be f(7). Let z be ((-2)/l*-4)/((-2)/(-24)). Determine n(z).
-2
Let i be 96/10 + -10 + (-42)/(-5). Let l(a) = -5*a**2 - 9*a + 11. Let v(r) = -14*r**2 - 27*r + 33. Let b(x) = 17*l(x) - 6*v(x). Determine b(i).
-3
Let l(v) = -v + 11. Let i be l(6). Let u be i/30 - 46/(-12). Let a(j) = 0*j + u + j + 4 + 1. Determine a(0).
9
Let u = 10 - 5. Suppose 0 = u*d - m + 20, -5*m - 15 = -d - d. Let b(n) = n**3 + 5*n**2 + 2*n + 6. Give b(d).
-4
Let z(h) = 3*h - 9. Let l be z(8). Let n(a) = 15*a + 7 - 31*a + l*a. What is n(4)?
3
Suppose 2*o + 29 = -8*j + 7*j, -3*j - 27 = o. Let v(a) = a**2 + 12*a + 9. Calculate v(o).
9
Let w(n) = 4 - 4*n + 3*n + 6*n - 5*n - 3*n. Calculate w(6).
-14
Let c(z) = 5*z**3 + 6*z**2 + 3*z - 2. Let w(k) = -k**3 - 1. Let d(r) = c(r) + 4*w(r). Let n(f) = -11*f + 1. Let v be n(-2). Suppose 4*s + v = 3. Calculate d(s).
4
Let a(r) = r - 17. Let f be a(20). Let b(d) = -d**3 - d**2 + f*d**2 + 3 - 7*d**2. Determine b(-5).
3
Let j(w) be the first derivative of 2*w**3/3 + 4*w**2 + 3*w + 99. Calculate j(-5).
13
Suppose -5*m + 11 = 6. Let n(i) = 6*i**3 - i**2 - i + 2. Let z be n(m). Suppose z*g = 3*g + 6. Let t(a) = -2*a + 2. Calculate t(g).
-2
Let n(a) = a - 7. Let z(x) = 2*x**3 + 67*x**2 + 153*x - 65. Let f be z(-31). Give n(f).
-10
Let r(q) = -q**3 + q**2 + 12*q - q**2 - 5. Let w(v) = 290*v**2 - 3 - v**3 - 289*v**2 + 11*v - 1. Let u(l) = 4*r(l) - 5*w(l). Determine u(6).
-6
Let m(i) = -63 - 2*i - 72 + 111. Give m(-12).
0
Let d(k) be the second derivative of 2*k**3/3 + 12*k**2 - 716*k. Determine d(-5).
4
Let k = -347 - -348. Let x(r) = -5*r**3 - 1. Determine x(k).
-6
Let x(v) = 6*v + 5 + 999*v**2 - 507*v**2 + v**3 - 499*v**2. Let g(h) = h**3 - h**2 - h + 3. Let u be g(3). Suppose 6*a = 3*a + u. Determine x(a).
5
Suppose -j + 3 + 6 = 5*f, f = 0. Let u(g) = g - 7. Let m be u(j). Let d(h) = -2 - 2*h**2 + 2*h**2 - h**m + 0*h**2. What is d(2)?
-6
Let y be 2 + -1 + -4 + -29 + 24. Let c(i) = -2*i - 10. Calculate c(y).
6
Let q = 103 - 101. Let u(v) = -2*v + 4*v - 6*v + 2*v**q + 0*v + 3. What is u(3)?
9
Let p = -5 - 1. Let d(j) = -j**3 - 7*j**2 - 8*j - 6. Calculate d(p).
6
Let q(p) be the second derivative of p**5/20 + 2*p**4/3 - 11*p**3/6 + p**2/2 - 125*p. Give q(-9).
19
Let p(o) = -1 + 4 - o**2 - 10*o - 5*o**2 + 0*o**2 + 5*o**2. What is p(-10)?
3
Let p be 19/4 - 9/12. Let t(o) = p*o - 2*o + o**2 + o - 2*o. Suppose -8*a + 13*a - 3*n + 17 = 0, -4*a - 15 = -n. Determine t(a).
12
Let k be ((-10)/(-25))/((-14)/210). Let w(y) = y**3 + 6*y**2 - y. Give w(k).
6
Suppose 0*d = 2*d - 2*l - 4, d - 2*l = 2. Suppose 3*p - 4*o + 12 = 0, -2*p - 4*o = d*p - 12. Let u(r) = -r**3 + r**2 - r - 12. What is u(p)?
-12
Let t(f) = -f + 8. Let i(h) = -h + 12. Let r(d) = 3*i(d) - 4*t(d). Give r(-3).
1
Let k(i) = i**2 - 7*i + 12. Let h be k(7). Suppose -11*f = -h*f - 7. Let y(g) = -g**2 - 5*g + 3. What is y(f)?
-11
Let a(m) = 5*m - m - 12 - 4*m - 4*m. Determine a(-6).
12
Let s be 59/(-9) - (-48)/(-108). Let f(u) = u**3 + 6*u**2 - 9*u - 8. Give f(s).
6
Let j(h) = h**3 - 9*h**2 + 8*h - 8. Suppose -3*c = 2*y + 2*c + 9, -11 = -2*y - c. What is j(y)?
-8
Let x(n) = n**2 + 3 + n**3 + 0*n**3 - 6*n**3 - 3*n + 4*n**3. Let l(w) = -w + 1. Let p = 182 - 181. Let r(f) = p*x(f) - 3*l(f). Determine r(0).
0
Let b(s) = s**3 + 19*s**2 + 15*s + 26. Let r be b(-18). Let v(g) = r - 79 + g + 0*g. Calculate v(7).
8
Let o(v) be the third derivative of 0 - 24*v**2 + 5/24*v**4 + 5/6*v**3 + 0*v + 1/60*v**5. Suppose -2*r = -0*s - 5*s - 17, 5*s = 4*r - 9. Calculate o(s).
5
Suppose -5*b + 7 + 13 = 0. Suppose -z = -b*z + 6. Let c(l) = -6*l - 1 + z*l - 3*l + 4 + l**2. What is c(5)?
-7
Let i be 1 + 1 - (-32)/2. Suppose 5*q + 3 = i. Let z(t) = -73*t + 73*t + 5*t**2 + t**3 - q. Calculate z(-4).
13
Let b(d) = 7*d + 5. Let v be b(-1). Let p(y) = y**3 - 8*y**2 + 11*y + 2. Let z(c) = c**2 + c. Let r(f) = v*z(f) + p(f). Calculate r(9).
2
Let b(x) = x - 3. Suppose -127 = -4*f + 29. Let u be (-9)/4*104/f. What is b(u)?
-9
Suppose -g - g - 2*j = 22, 5*g + 3*j = -49. Let s(n) be the third derivative of n**5/60 + 7*n**4/24 - 4*n**3/3 + n**2. Calculate s(g).
0
Let u be (-13 - -3)*16/(-20). Let h be (-2 - -1) + -3 + u. Let k(b) = b**3 - 4*b**2 + 3*b + 2. Give k(h).
14
Let f(k) = 3*k**3 + 2*k**2 + 2*k - 1. Let m(x) = 5*x**3 + 3*x**2 + 3*x - 2. Let i(c) = -8*f(c) + 5*m(c). Give i(0).
-2
Let q(z) = -z + 1. Let v(l) = 2*l**2 - 8*l + 4. Let j be (-32)/(-6) - (-3)/(-9). Let i be v(j). Let f = 18 - i. Determine q(f).
-3
Let m(f) be the third derivative of -1/30*f**5 - 7/24*f**4 - 1/720*f**6 + 0 + 0*f + 6*f**2 + 0*f**3. Let o(z) be the second derivative of m(z). Calculate o(-6).
2
Let k(h) = -13*h - 18*h - 3 + 28*h + h**2. Suppose 2*d + 2*r - 8 = 0, 2*d - 8 = 2*r - 3*r. Give k(d).
1
Let k(i) = -1 - 2*i - 5*i + 0*i. Let x = -1 - 8. Let l be -3 + -3*12/x. Give k(l).
-8
Let f(u) = u**3 + 6*u**2 + 2*u - 2. Suppose 0 = -z + 5*m + 13, 4*z + 40*m - 41*m = -5. Calculate f(z).
10
Let n(x) = 10 - 10 + x + 26. Determine n(-14).
12
Let c(b) = -3*b**2 - 5*b + 3. Let p(j) = j**2 + 2*j - 1. Let h(y) = -2*c(y) - 7*p(y). Suppose -5*m = -0 - 10. Let q be (m*3/(-12))/((-6)/(-60)). What is h(q)?
-4
Let c = -2142 - -2144. Let a(v) = -5*v**3 + 6*v**2 - 2*v - 5. Let b(u) = -6*u**3 + 7*u**2 - 2*u - 6. Let m(f) = -7*a(f) + 6*b(f). Give m(c).
-5
Let p = 45 - 34. Let s(d) = 3*d + p - 9*d + 2*d + 5*d. Calculate s(0).
11
Let q(m) = -5*m**3 - m**2 - 3*m - 2. Let o be q(-1). Let f(j) be the third derivative of j**6/120 - j**5/12 - j**4/24 + j**3/3 - 6*j**2. What is f(o)?
-3
Let t(f) = -f + 8. Let b = -182 + 186. Determine t(b).
4
Suppose -2*j - 4*i + 7*i + 2 = 0, 0 = j - 2*i - 3. Let p(m) = -m**2 - 6*m - 4. What is p(j)?
1
Let o(m) = 31*m**2 + 1. Let i be -4 + 5 - -1 - (9 - 6). Give o(i).
32
Let z(i) = 1790 - 885 - 898 - 2*i**3 + i**3 - 9*i + 8*i**2. Determine z(6).
25
Let r(n) = -n**2 + 3*n - 3. Let d be (-18)/27 - (-14)/3. Let z = -14 + 13. Let v be d*z*1/(-2). Determine r(v).
-1
Let w(b) = 7*b - 1 - 3*b + 0*b + 2*b. Let d(z) = z - 8. Let c be d(10). Give w(c).
11
Let u(i) = 10*i - 6. Let v(h) = -180*h + 110. Let t(n) = -110*u(n) - 6*v(n). Determine t(-1).
20
Suppose -5*h = 3*l - 4*l + 225, -3*h = 4*l + 135. Let f be (h/20)/3*8. Let a(w) = w**3 + 7*w**2 + 4*w + 2. Give a(f).
14
Let u be (-61)/(-9) + 6/27. Let l(y) = u - 3 + 3 - 1 + y. Let q be l(0). Let m(w) = -w**3 + 6*w**2 - 6. Calculate m(q).
-6
Let t(n) = 4*n**2 - n**2 + n - 3 + 2 + n**3. Let b be t(-3). Let c(j) = 0*j**3 + j**3 + 4*j**2 - 199357 + 199362 + 2*j. Give c(b).
-3
Let t(p) be the second derivative of -p**5/20 + 5*p**4/12 + p**3 - 3*p**2/2 - 3*p - 21. Calculate t(6).
-3
Let y(i) = i - 59. Suppose -138*z = -96*z. Give y(z).
-59
Let i(k) = k**3 - 3*k**2 + 4*k - 3. Suppose -5*c + 6 = -9. Suppose -c*y = 30 - 36. Let f be i(y). Let o(v) = 13*v + 1. Give o(f).
14
Let i(g) = -7*g - 7. Let x be -1 - (5 + -12 + 11). Give i(x).
28
Let l(u) be the second derivative of u**5/20 + 3*u**4/4 + 4*u**3/3 + 3*u**2/2 - 133*u. Give l(-8).
3
Let v(n) = n**2 + 9*n + 9. Let f(u) = 2*u - 6. Let h be f(5). Let s be (-1)/(h/(-3) - -1). Suppose x + 3 = -s*l, 31 = -5*x + 2*l - 1. What is v(x)?
-9
Let v(i) = i - 8. Let g be v(9). Let m(k) = 2*k + 1. Let a be m(g). Let d(x) = -x - 3 + a. Determine d(-5).
5
Let i(v) = v**3 - 10*v**2 + 9*v - 1. Let n(u) = u**3 - 3*u**2 - 7*u - 6. Let m = -46 - -51. Let h be n(m). What is i(h)?
-1
Let g(k) = k**3 + 3*k**2 - 6*k - 1. Let n = -22 - -36. Suppose n + 18 = -8*d. Determine g(d).
7
Let h(p) = p**3 - 8*p**2 + 6*p + 4. Suppose 0*l - 46 = 2*s - 4*l, s + 5*l + 2 = 0. Let z = 24 + s. Give h(z).
-3
Let j = -5 + -1. Let u be j/4*(-4)/6. Let a(r) = -5*r**2 - r. Let m be a(u). Let n(q) = q + 6. Give n(m).
0
Let v(x) = -8*x**3 + x. Let c = -20 + 19. Calculate v(c).
7
Let y = 20 + -24. Let v be -15*(-1)/(10/y). Let b(u) = -1 + 0*u + u + 5. What is b(v)?
-2
Suppose -16 = -26*y + 30*y. Let s(i) be the first derivative of -i**3/3 - 3*i**2/2 + i - 107. Determine s(y).
-3
Let z(m) = 6*m**2 - 3*m - 3. Let p(t) = -t**3 - 6*t**2 - 5*t + 4. Let d be p(-5). Let a(b) = -b**2. Let s(j) = d*a(j) + z(j). Calculate s(3).
6
Let w(p) = -p**3 + 13*p**2 - 33*p - 7. Let s be w(9). Let m(r) = r**3 - 20*r**2